{"id":418,"date":"2012-11-14T00:29:14","date_gmt":"2012-11-13T23:29:14","guid":{"rendered":"http:\/\/www.atelierdesmetiers.com\/?page_id=418"},"modified":"2022-12-19T16:22:19","modified_gmt":"2022-12-19T15:22:19","slug":"le-double-tour-de-la-parole","status":"publish","type":"page","link":"http:\/\/www.atelierdesmetiers.com\/?page_id=418","title":{"rendered":"Double tour de parole"},"content":{"rendered":"<div style=\"background-image: url('http:\/\/www.atelierdesmetiers.com\/wp-content\/uploads\/2012\/11\/double-tour.png');background-repeat: no-repeat;width: 848px;\r\nheight: 650px;\"><p class=\"aligncenter\" style=\"text-align: center; padding-top: 200px;\">Cette m\u00e9thode de structuration de la parole<br \/>fait \u00e9merger une unit\u00e9 de vision en moins de deux heures.<br \/>Le fait d&rsquo;\u00e9quilibrer l&rsquo;expression des intentions et des perceptions de chacun<br \/>leur permet de d\u00e9couvrir qu&rsquo;ils participent tous<br \/>d\u2019une m\u00eame r\u00e9alit\u00e9, \u00ab\u00a0mais de mani\u00e8re diff\u00e9rente\u00a0\u00bb.<br \/>Le Double Tour de Parole permet \u00e0 tous les participants de s&rsquo;exprimer<br \/>et de prendre en compte ce que disent les autres.<br \/>De plus le temps est ma\u00eetris\u00e9.<\/p>\n<p class=\"aligncenter\" style=\"text-align: center; padding-top: 1px;\">Voir <strong>Comment travailler ensemble<\/strong>,<br \/>sept outils simples pour faire \u00e9merger du collectif,<br \/>Eyrolles 2010 &#8211; Chapitre 2<\/p>\n\n\n<p><\/p>\n\n\n\n<p><\/p>\n<\/div>","protected":false},"excerpt":{"rendered":"<p>Cette m\u00e9thode de structuration de la parolefait \u00e9merger une unit\u00e9 de vision en moins de deux heures.Le fait d&rsquo;\u00e9quilibrer l&rsquo;expression des intentions et des perceptions de chacunleur permet de d\u00e9couvrir qu&rsquo;ils participent tousd\u2019une m\u00eame r\u00e9alit\u00e9, \u00ab\u00a0mais de mani\u00e8re diff\u00e9rente\u00a0\u00bb.Le Double &hellip; <a href=\"http:\/\/www.atelierdesmetiers.com\/?page_id=418\">Continuer la lecture <span class=\"meta-nav\">&rarr;<\/span><\/a><\/p>\n","protected":false},"author":2,"featured_media":0,"parent":20,"menu_order":0,"comment_status":"closed","ping_status":"closed","template":"","meta":{"footnotes":""},"class_list":["post-418","page","type-page","status-publish","hentry"],"_links":{"self":[{"href":"http:\/\/www.atelierdesmetiers.com\/index.php?rest_route=\/wp\/v2\/pages\/418","targetHints":{"allow":["GET"]}}],"collection":[{"href":"http:\/\/www.atelierdesmetiers.com\/index.php?rest_route=\/wp\/v2\/pages"}],"about":[{"href":"http:\/\/www.atelierdesmetiers.com\/index.php?rest_route=\/wp\/v2\/types\/page"}],"author":[{"embeddable":true,"href":"http:\/\/www.atelierdesmetiers.com\/index.php?rest_route=\/wp\/v2\/users\/2"}],"replies":[{"embeddable":true,"href":"http:\/\/www.atelierdesmetiers.com\/index.php?rest_route=%2Fwp%2Fv2%2Fcomments&post=418"}],"version-history":[{"count":3,"href":"http:\/\/www.atelierdesmetiers.com\/index.php?rest_route=\/wp\/v2\/pages\/418\/revisions"}],"predecessor-version":[{"id":1246,"href":"http:\/\/www.atelierdesmetiers.com\/index.php?rest_route=\/wp\/v2\/pages\/418\/revisions\/1246"}],"up":[{"embeddable":true,"href":"http:\/\/www.atelierdesmetiers.com\/index.php?rest_route=\/wp\/v2\/pages\/20"}],"wp:attachment":[{"href":"http:\/\/www.atelierdesmetiers.com\/index.php?rest_route=%2Fwp%2Fv2%2Fmedia&parent=418"}],"curies":[{"name":"wp","href":"https:\/\/api.w.org\/{rel}","templated":true}]}}

<div style="background-image: url('http://www.atelierdesmetiers.com/wp-content/uploads/2012/11/double-tour.png');background-repeat: no-repeat;width: 848px;
height: 650px;"><p class="aligncenter" style="text-align: center; padding-top: 200px;">Cette méthode de structuration de la parole<br />fait émerger une unité de vision en moins de deux heures.<br />Le fait d&rsquo;équilibrer l&rsquo;expression des intentions et des perceptions de chacun<br />leur permet de découvrir qu&rsquo;ils participent tous<br />d’une même réalité, « mais de manière différente ».<br />Le Double Tour de Parole permet à tous les participants de s&rsquo;exprimer<br />et de prendre en compte ce que disent les autres.<br />De plus le temps est maîtrisé.</p>
<p class="aligncenter" style="text-align: center; padding-top: 1px;">Voir <strong>Comment travailler ensemble</strong>,<br />sept outils simples pour faire émerger du collectif,<br />Eyrolles 2010 &#8211; Chapitre 2</p>


<p></p>



<p></p>
</div>

<p>Cette méthode de structuration de la parolefait émerger une unité de vision en moins de deux heures.Le fait d&rsquo;équilibrer l&rsquo;expression des intentions et des perceptions de chacunleur permet de découvrir qu&rsquo;ils participent tousd’une même réalité, « mais de manière différente ».Le Double &hellip; <a href="http://www.atelierdesmetiers.com/?page_id=418">Continuer la lecture <span class="meta-nav">&rarr;</span></a></p>
